{"id":927,"date":"2022-09-02T10:52:03","date_gmt":"2022-09-02T08:52:03","guid":{"rendered":"https:\/\/bergamottcottage.com\/?page_id=927"},"modified":"2022-11-10T12:54:25","modified_gmt":"2022-11-10T11:54:25","slug":"la-chambre","status":"publish","type":"page","link":"https:\/\/bergamottcottage.com\/en_en\/la-chambre\/","title":{"rendered":"Bedroom"},"content":{"rendered":"\n<div class=\"wp-block-media-text alignfull is-stacked-on-mobile is-vertically-aligned-center is-image-fill has-color-1-background-color has-background\"><figure class=\"wp-block-media-text__media\" style=\"background-image:url(https:\/\/bergamottcottage.com\/wp-content\/uploads\/2022\/09\/lit-bebe-chambre.jpg);background-position:58% 52%\"><img loading=\"lazy\" decoding=\"async\" width=\"600\" height=\"400\" src=\"https:\/\/bergamottcottage.com\/wp-content\/uploads\/2022\/09\/lit-bebe-chambre.jpg\" alt=\"Un b\u00e9b\u00e9 dans son lit, bergamott cottage vous aide dans le choix de la chambre et literie\" class=\"wp-image-928 size-full\" srcset=\"https:\/\/bergamottcottage.com\/wp-content\/uploads\/2022\/09\/lit-bebe-chambre.jpg 600w, https:\/\/bergamottcottage.com\/wp-content\/uploads\/2022\/09\/lit-bebe-chambre-300x200.jpg 300w, https:\/\/bergamottcottage.com\/wp-content\/uploads\/2022\/09\/lit-bebe-chambre-575x383.jpg 575w, https:\/\/bergamottcottage.com\/wp-content\/uploads\/2022\/09\/lit-bebe-chambre-380x253.jpg 380w\" sizes=\"auto, (max-width: 600px) 100vw, 600px\" \/><\/figure><div class=\"wp-block-media-text__content\">\n<div style=\"height:12px\" aria-hidden=\"true\" class=\"wp-block-spacer\"><\/div>\n\n\n\n<p>Lieu de vie pour les plus jeunes, de repos et d&rsquo;intimit\u00e9 pour leurs a\u00een\u00e9s, la chambre \u00e0 coucher m\u00e9rite toute votre attention !<br>Chez Bergamott nous ne laissons rien au hasard et vous guidons pour <strong>une chambre et literie saines et \u00e9co-responsables.<\/strong><br>Bonne nuit !<\/p>\n<\/div><\/div>\n\n\n\n<div style=\"height:50px\" aria-hidden=\"true\" class=\"wp-block-spacer\"><\/div>\n\n\n\n<p class=\"has-text-align-left has-large-font-size\">Chambre \u00e0 coucher ou chambre \u00e0 vivre, nous passons de tr\u00e8s nombreuses heures dans notre chambre au cours de notre vie. La <strong>qualit\u00e9 du sommeil<\/strong> est primordiale pour notre bien-\u00eatre pendant les heures diurnes, toutes les personnes qui connaissent des troubles du sommeil le confirmeront : <br><strong>bien dormir est essentiel pour bien vivre.<\/strong><\/p>\n\n\n\n<p class=\"has-text-align-left has-large-font-size\"><br>Comment am\u00e9nager votre chambre ? <br>Quelle mati\u00e8res, quelles couleurs?<br>Quelle literie choisir et quel linge de lit ? <br>Comment l&rsquo;entretenir pour que votre chambre soit un nid douillet et offre \u00e0 votre corps et votre esprit les meilleures conditions pour se r\u00e9g\u00e9n\u00e9rer ?<br><strong>Suivez le guide !<\/strong><\/p>\n\n\n\n<div style=\"height:40px\" aria-hidden=\"true\" class=\"wp-block-spacer\"><\/div>\n\n\n<div class=\"root-eb-post-grid-0q4gyoo wp-block-essential-blocks-post-grid\">\n    <div class=\"eb-parent-wrapper eb-parent-eb-post-grid-0q4gyoo \">\n        <div class=\"eb-post-grid-0q4gyoo style-2  eb-post-grid-wrapper\"\n            data-id=\"eb-post-grid-0q4gyoo\"\n            data-querydata=\"{&quot;source&quot;:&quot;posts&quot;,&quot;author&quot;:&quot;&quot;,&quot;categories&quot;:&quot;&quot;,&quot;tags&quot;:&quot;[{\\&quot;value\\&quot;:22,\\&quot;label\\&quot;:\\&quot;#Chambre\\&quot;}]&quot;,&quot;per_page&quot;:&quot;8&quot;,&quot;offset&quot;:&quot;0&quot;,&quot;orderby&quot;:&quot;date&quot;,&quot;order&quot;:&quot;desc&quot;,&quot;include&quot;:&quot;&quot;,&quot;exclude&quot;:&quot;&quot;}\"\n            data-attributes=\"{&quot;thumbnailSize&quot;:&quot;&quot;,&quot;loadMoreOptions&quot;:{&quot;enableMorePosts&quot;:true,&quot;loadMoreType&quot;:&quot;1&quot;,&quot;loadMoreButtonTxt&quot;:&quot;Plus d&#039;articles&quot;,&quot;alignment&quot;:&quot;center&quot;,&quot;totalPosts&quot;:3},&quot;showSearch&quot;:false,&quot;showTaxonomyFilter&quot;:false,&quot;enableAjaxSearch&quot;:false,&quot;addIcon&quot;:false,&quot;iconPosition&quot;:&quot;left&quot;,&quot;icon&quot;:&quot;fas fa-chevron-right&quot;,&quot;preset&quot;:&quot;style-2&quot;,&quot;defaultFilter&quot;:&quot;all&quot;,&quot;version&quot;:&quot;&quot;,&quot;showBlockContent&quot;:true,&quot;showFallbackImg&quot;:false,&quot;fallbackImgUrl&quot;:&quot;&quot;,&quot;showThumbnail&quot;:true,&quot;showTitle&quot;:true,&quot;titleLength&quot;:&quot;&quot;,&quot;titleTag&quot;:&quot;h2&quot;,&quot;showContent&quot;:true,&quot;contentLength&quot;:20,&quot;expansionIndicator&quot;:&quot;...&quot;,&quot;showReadMore&quot;:false,&quot;readmoreText&quot;:&quot;Read More&quot;,&quot;showMeta&quot;:false,&quot;headerMeta&quot;:&quot;[{\\&quot;value\\&quot;:\\&quot;date\\&quot;,\\&quot;label\\&quot;:\\&quot;Published Date\\&quot;}]&quot;,&quot;footerMeta&quot;:&quot;[{\\&quot;value\\&quot;:\\&quot;avatar\\&quot;,\\&quot;label\\&quot;:\\&quot;Author Avatar\\&quot;},{\\&quot;value\\&quot;:\\&quot;author\\&quot;,\\&quot;label\\&quot;:\\&quot;Author Name\\&quot;}]&quot;,&quot;authorPrefix&quot;:&quot;by&quot;,&quot;datePrefix&quot;:&quot;on&quot;,&quot;showFeaturedPost&quot;:false,&quot;featuredPostId&quot;:&quot;&quot;,&quot;showFeaturedPostTitle&quot;:true,&quot;showFeaturedPostContent&quot;:false,&quot;showFeaturedPostMeta&quot;:true,&quot;showFeaturedHeaderMeta&quot;:true,&quot;showFeaturedFooterMeta&quot;:true,&quot;featuredMetaItems&quot;:&quot;{}&quot;,&quot;featuredExcerptLength&quot;:10}\">\n\n            \n\n            <article class=\"ebpg-grid-post ebpg-post-grid-column\" data-id=\"2433\"><div class=\"ebpg-grid-post-holder\"><div class=\"ebpg-entry-wrapper\"><div class=\"ebpg-entry-media\">\n                <div class=\"ebpg-entry-thumbnail\">\n                    <a class=\"ebpg-post-link-wrapper eb-sr-only\" href=\"https:\/\/bergamottcottage.com\/en_en\/janvier-le-mois-du-blanc\/\">Janvier le mois du blanc<\/a>\n                    <img loading=\"lazy\" decoding=\"async\" width=\"750\" height=\"563\" src=\"https:\/\/bergamottcottage.com\/wp-content\/uploads\/2022\/12\/roses-sur-lit.jpg\" class=\"attachment-full size-full\" alt=\"roses poser sur un lit\" \/>\n                <\/div>\n            <\/div><header class=\"ebpg-entry-header\">\n            <h2 class=\"ebpg-entry-title\">\n                <a class=\"ebpg-grid-post-link\" href=\"https:\/\/bergamottcottage.com\/en_en\/janvier-le-mois-du-blanc\/\" title=\"janvierlemoisdublanc\">Janvier le mois du blanc<\/a>\n            <\/h2>\n        <\/header><div class=\"ebpg-entry-content\"><div class=\"ebpg-grid-post-excerpt\">\n            <p>Tout savoir sur les origines du mois du blanc&#8230;<\/p>\n        <\/div><\/div><\/div><\/div><\/article><article class=\"ebpg-grid-post ebpg-post-grid-column\" data-id=\"543\"><div class=\"ebpg-grid-post-holder\"><div class=\"ebpg-entry-wrapper\"><div class=\"ebpg-entry-media\">\n                <div class=\"ebpg-entry-thumbnail\">\n                    <a class=\"ebpg-post-link-wrapper eb-sr-only\" href=\"https:\/\/bergamottcottage.com\/en_en\/comment-bien-choisir-son-oreiller\/\">Comment bien choisir son oreiller ?<\/a>\n                    <img loading=\"lazy\" decoding=\"async\" width=\"750\" height=\"500\" src=\"https:\/\/bergamottcottage.com\/wp-content\/uploads\/2022\/07\/choisir-son-oreiller.jpg\" class=\"attachment-full size-full\" alt=\"Comment choisir son oreiller ?\" \/>\n                <\/div>\n            <\/div><header class=\"ebpg-entry-header\">\n            <h2 class=\"ebpg-entry-title\">\n                <a class=\"ebpg-grid-post-link\" href=\"https:\/\/bergamottcottage.com\/en_en\/comment-bien-choisir-son-oreiller\/\" title=\"commentbienchoisirsonoreiller\">Comment bien choisir son oreiller ?<\/a>\n            <\/h2>\n        <\/header><div class=\"ebpg-entry-content\"><div class=\"ebpg-grid-post-excerpt\">\n            <p>Oreiller rectangulaire ou carr\u00e9 ? Quelle \u00e9paisseur choisir ? Et quelle mati\u00e8re ?\nPour tout savoir sur les oreillers&#8230;<\/p>\n        <\/div><\/div><\/div><\/div><\/article><article class=\"ebpg-grid-post ebpg-post-grid-column\" data-id=\"537\"><div class=\"ebpg-grid-post-holder\"><div class=\"ebpg-entry-wrapper\"><div class=\"ebpg-entry-media\">\n                <div class=\"ebpg-entry-thumbnail\">\n                    <a class=\"ebpg-post-link-wrapper eb-sr-only\" href=\"https:\/\/bergamottcottage.com\/en_en\/comment-choisir-sa-couette\/\">Comment choisir sa couette ?<\/a>\n                    <img loading=\"lazy\" decoding=\"async\" width=\"750\" height=\"500\" src=\"https:\/\/bergamottcottage.com\/wp-content\/uploads\/2022\/07\/choisir-sa-couette.jpg\" class=\"attachment-full size-full\" alt=\"\" \/>\n                <\/div>\n            <\/div><header class=\"ebpg-entry-header\">\n            <h2 class=\"ebpg-entry-title\">\n                <a class=\"ebpg-grid-post-link\" href=\"https:\/\/bergamottcottage.com\/en_en\/comment-choisir-sa-couette\/\" title=\"commentchoisirsacouette\">Comment choisir sa couette ?<\/a>\n            <\/h2>\n        <\/header><div class=\"ebpg-entry-content\"><div class=\"ebpg-grid-post-excerpt\">\n            <p>Taille, grammage, mati\u00e8re : choisir sa couette pour des nuits reposantes&#8230;..<\/p>\n        <\/div><\/div><\/div><\/div><\/article><p class=\"eb-no-posts eb-loadmore-no-post\" style=\"display: none;\">No more posts<\/p>        <\/div>\n    <\/div>\n<\/div>\n\n\n\n<p><\/p>\n","protected":false},"excerpt":{"rendered":"<p>Chambre \u00e0 coucher ou chambre \u00e0 vivre, nous passons de tr\u00e8s nombreuses heures dans notre chambre au cours de notre vie. La qualit\u00e9 du sommeil est primordiale pour notre bien-\u00eatre [&hellip;]<\/p>\n","protected":false},"author":1,"featured_media":0,"parent":0,"menu_order":0,"comment_status":"closed","ping_status":"closed","template":"","meta":{"_eb_attr":"","footnotes":""},"class_list":["post-927","page","type-page","status-publish","hentry"],"_links":{"self":[{"href":"https:\/\/bergamottcottage.com\/en_en\/wp-json\/wp\/v2\/pages\/927","targetHints":{"allow":["GET"]}}],"collection":[{"href":"https:\/\/bergamottcottage.com\/en_en\/wp-json\/wp\/v2\/pages"}],"about":[{"href":"https:\/\/bergamottcottage.com\/en_en\/wp-json\/wp\/v2\/types\/page"}],"author":[{"embeddable":true,"href":"https:\/\/bergamottcottage.com\/en_en\/wp-json\/wp\/v2\/users\/1"}],"replies":[{"embeddable":true,"href":"https:\/\/bergamottcottage.com\/en_en\/wp-json\/wp\/v2\/comments?post=927"}],"version-history":[{"count":0,"href":"https:\/\/bergamottcottage.com\/en_en\/wp-json\/wp\/v2\/pages\/927\/revisions"}],"wp:attachment":[{"href":"https:\/\/bergamottcottage.com\/en_en\/wp-json\/wp\/v2\/media?parent=927"}],"curies":[{"name":"wp","href":"https:\/\/api.w.org\/{rel}","templated":true}]}}

<div class="wp-block-media-text alignfull is-stacked-on-mobile is-vertically-aligned-center is-image-fill has-color-1-background-color has-background"><figure class="wp-block-media-text__media" style="background-image:url(https://bergamottcottage.com/wp-content/uploads/2022/09/lit-bebe-chambre.jpg);background-position:58% 52%"><img loading="lazy" decoding="async" width="600" height="400" src="https://bergamottcottage.com/wp-content/uploads/2022/09/lit-bebe-chambre.jpg" alt="Un bébé dans son lit, bergamott cottage vous aide dans le choix de la chambre et literie" class="wp-image-928 size-full" srcset="https://bergamottcottage.com/wp-content/uploads/2022/09/lit-bebe-chambre.jpg 600w, https://bergamottcottage.com/wp-content/uploads/2022/09/lit-bebe-chambre-300x200.jpg 300w, https://bergamottcottage.com/wp-content/uploads/2022/09/lit-bebe-chambre-575x383.jpg 575w, https://bergamottcottage.com/wp-content/uploads/2022/09/lit-bebe-chambre-380x253.jpg 380w" sizes="auto, (max-width: 600px) 100vw, 600px" /></figure><div class="wp-block-media-text__content">
<div style="height:12px" aria-hidden="true" class="wp-block-spacer"></div>



<p>Lieu de vie pour les plus jeunes, de repos et d&rsquo;intimité pour leurs aînés, la chambre à coucher mérite toute votre attention !<br>Chez Bergamott nous ne laissons rien au hasard et vous guidons pour <strong>une chambre et literie saines et éco-responsables.</strong><br>Bonne nuit !</p>
</div></div>



<div style="height:50px" aria-hidden="true" class="wp-block-spacer"></div>



<p class="has-text-align-left has-large-font-size">Chambre à coucher ou chambre à vivre, nous passons de très nombreuses heures dans notre chambre au cours de notre vie. La <strong>qualité du sommeil</strong> est primordiale pour notre bien-être pendant les heures diurnes, toutes les personnes qui connaissent des troubles du sommeil le confirmeront : <br><strong>bien dormir est essentiel pour bien vivre.</strong></p>



<p class="has-text-align-left has-large-font-size"><br>Comment aménager votre chambre ? <br>Quelle matières, quelles couleurs?<br>Quelle literie choisir et quel linge de lit ? <br>Comment l&rsquo;entretenir pour que votre chambre soit un nid douillet et offre à votre corps et votre esprit les meilleures conditions pour se régénérer ?<br><strong>Suivez le guide !</strong></p>



<div style="height:40px" aria-hidden="true" class="wp-block-spacer"></div>


<div class="root-eb-post-grid-0q4gyoo wp-block-essential-blocks-post-grid">
    <div class="eb-parent-wrapper eb-parent-eb-post-grid-0q4gyoo ">
        <div class="eb-post-grid-0q4gyoo style-2  eb-post-grid-wrapper"
            data-id="eb-post-grid-0q4gyoo"
            data-querydata="{&quot;source&quot;:&quot;posts&quot;,&quot;author&quot;:&quot;&quot;,&quot;categories&quot;:&quot;&quot;,&quot;tags&quot;:&quot;[{\&quot;value\&quot;:22,\&quot;label\&quot;:\&quot;#Chambre\&quot;}]&quot;,&quot;per_page&quot;:&quot;8&quot;,&quot;offset&quot;:&quot;0&quot;,&quot;orderby&quot;:&quot;date&quot;,&quot;order&quot;:&quot;desc&quot;,&quot;include&quot;:&quot;&quot;,&quot;exclude&quot;:&quot;&quot;}"
            data-attributes="{&quot;thumbnailSize&quot;:&quot;&quot;,&quot;loadMoreOptions&quot;:{&quot;enableMorePosts&quot;:true,&quot;loadMoreType&quot;:&quot;1&quot;,&quot;loadMoreButtonTxt&quot;:&quot;Plus d&#039;articles&quot;,&quot;alignment&quot;:&quot;center&quot;,&quot;totalPosts&quot;:3},&quot;showSearch&quot;:false,&quot;showTaxonomyFilter&quot;:false,&quot;enableAjaxSearch&quot;:false,&quot;addIcon&quot;:false,&quot;iconPosition&quot;:&quot;left&quot;,&quot;icon&quot;:&quot;fas fa-chevron-right&quot;,&quot;preset&quot;:&quot;style-2&quot;,&quot;defaultFilter&quot;:&quot;all&quot;,&quot;version&quot;:&quot;&quot;,&quot;showBlockContent&quot;:true,&quot;showFallbackImg&quot;:false,&quot;fallbackImgUrl&quot;:&quot;&quot;,&quot;showThumbnail&quot;:true,&quot;showTitle&quot;:true,&quot;titleLength&quot;:&quot;&quot;,&quot;titleTag&quot;:&quot;h2&quot;,&quot;showContent&quot;:true,&quot;contentLength&quot;:20,&quot;expansionIndicator&quot;:&quot;...&quot;,&quot;showReadMore&quot;:false,&quot;readmoreText&quot;:&quot;Read More&quot;,&quot;showMeta&quot;:false,&quot;headerMeta&quot;:&quot;[{\&quot;value\&quot;:\&quot;date\&quot;,\&quot;label\&quot;:\&quot;Published Date\&quot;}]&quot;,&quot;footerMeta&quot;:&quot;[{\&quot;value\&quot;:\&quot;avatar\&quot;,\&quot;label\&quot;:\&quot;Author Avatar\&quot;},{\&quot;value\&quot;:\&quot;author\&quot;,\&quot;label\&quot;:\&quot;Author Name\&quot;}]&quot;,&quot;authorPrefix&quot;:&quot;by&quot;,&quot;datePrefix&quot;:&quot;on&quot;,&quot;showFeaturedPost&quot;:false,&quot;featuredPostId&quot;:&quot;&quot;,&quot;showFeaturedPostTitle&quot;:true,&quot;showFeaturedPostContent&quot;:false,&quot;showFeaturedPostMeta&quot;:true,&quot;showFeaturedHeaderMeta&quot;:true,&quot;showFeaturedFooterMeta&quot;:true,&quot;featuredMetaItems&quot;:&quot;{}&quot;,&quot;featuredExcerptLength&quot;:10}">

            

            <article class="ebpg-grid-post ebpg-post-grid-column" data-id="2433"><div class="ebpg-grid-post-holder"><div class="ebpg-entry-wrapper"><div class="ebpg-entry-media">
                <div class="ebpg-entry-thumbnail">
                    <a class="ebpg-post-link-wrapper eb-sr-only" href="https://bergamottcottage.com/en_en/janvier-le-mois-du-blanc/">Janvier le mois du blanc</a>
                    <img loading="lazy" decoding="async" width="750" height="563" src="https://bergamottcottage.com/wp-content/uploads/2022/12/roses-sur-lit.jpg" class="attachment-full size-full" alt="roses poser sur un lit" />
                </div>
            </div><header class="ebpg-entry-header">
            <h2 class="ebpg-entry-title">
                <a class="ebpg-grid-post-link" href="https://bergamottcottage.com/en_en/janvier-le-mois-du-blanc/" title="janvierlemoisdublanc">Janvier le mois du blanc</a>
            </h2>
        </header><div class="ebpg-entry-content"><div class="ebpg-grid-post-excerpt">
            <p>Tout savoir sur les origines du mois du blanc&#8230;</p>
        </div></div></div></div></article><article class="ebpg-grid-post ebpg-post-grid-column" data-id="543"><div class="ebpg-grid-post-holder"><div class="ebpg-entry-wrapper"><div class="ebpg-entry-media">
                <div class="ebpg-entry-thumbnail">
                    <a class="ebpg-post-link-wrapper eb-sr-only" href="https://bergamottcottage.com/en_en/comment-bien-choisir-son-oreiller/">Comment bien choisir son oreiller ?</a>
                    <img loading="lazy" decoding="async" width="750" height="500" src="https://bergamottcottage.com/wp-content/uploads/2022/07/choisir-son-oreiller.jpg" class="attachment-full size-full" alt="Comment choisir son oreiller ?" />
                </div>
            </div><header class="ebpg-entry-header">
            <h2 class="ebpg-entry-title">
                <a class="ebpg-grid-post-link" href="https://bergamottcottage.com/en_en/comment-bien-choisir-son-oreiller/" title="commentbienchoisirsonoreiller">Comment bien choisir son oreiller ?</a>
            </h2>
        </header><div class="ebpg-entry-content"><div class="ebpg-grid-post-excerpt">
            <p>Oreiller rectangulaire ou carré ? Quelle épaisseur choisir ? Et quelle matière ?
Pour tout savoir sur les oreillers&#8230;</p>
        </div></div></div></div></article><article class="ebpg-grid-post ebpg-post-grid-column" data-id="537"><div class="ebpg-grid-post-holder"><div class="ebpg-entry-wrapper"><div class="ebpg-entry-media">
                <div class="ebpg-entry-thumbnail">
                    <a class="ebpg-post-link-wrapper eb-sr-only" href="https://bergamottcottage.com/en_en/comment-choisir-sa-couette/">Comment choisir sa couette ?</a>
                    <img loading="lazy" decoding="async" width="750" height="500" src="https://bergamottcottage.com/wp-content/uploads/2022/07/choisir-sa-couette.jpg" class="attachment-full size-full" alt="" />
                </div>
            </div><header class="ebpg-entry-header">
            <h2 class="ebpg-entry-title">
                <a class="ebpg-grid-post-link" href="https://bergamottcottage.com/en_en/comment-choisir-sa-couette/" title="commentchoisirsacouette">Comment choisir sa couette ?</a>
            </h2>
        </header><div class="ebpg-entry-content"><div class="ebpg-grid-post-excerpt">
            <p>Taille, grammage, matière : choisir sa couette pour des nuits reposantes&#8230;..</p>
        </div></div></div></div></article><p class="eb-no-posts eb-loadmore-no-post" style="display: none;">No more posts</p>        </div>
    </div>
</div>



<p></p>

<p>Chambre à coucher ou chambre à vivre, nous passons de très nombreuses heures dans notre chambre au cours de notre vie. La qualité du sommeil est primordiale pour notre bien-être [&hellip;]</p>
